me number?
False
Let n be 170/(-51)*723/(-5). Let k = 72 - -63. Let c = n - k. Is c a composite number?
False
Let s = 71 - 68. Suppose -3*u + 0*g = 3*g - 6, u + s*g = -2. Suppose 1942 = h + 3*j, -u*h - j = 2*j - 7759. Is h a composite number?
True
Suppose 4*v + 4*y - y - 6 = 0, 3*y - 6 = 3*v. Suppose -3*g = -v*m - 2*m + 1045, -2*m = -5*g - 1051. Let c = -145 + m. Is c a prime number?
True
Suppose -10*u = -53 + 23. Suppose 12 = -3*h, -2*h + 0*h = u*w - 5461. Is w a composite number?
False
Suppose -2*z - r = -16735, -4*z + 7*r = 4*r - 33485. Suppose z = 9*u + 1988. Let c = 1460 - u. Is c composite?
False
Let r(q) = 69*q**3 - 15*q + 11. Let t(m) = 2*m**3 - m**2 - 1. Let v(z) = -r(z) - 2*t(z). Is v(-5) composite?
False
Let o = -247 + 250. Let u(f) = 597*f**2 + 8*f - 16. Is u(o) prime?
True
Suppose 25 = 5*h, -75 = -4*l + 2*l - h. Is (228795/l)/(0 - -3) a prime number?
True
Let p = -38 - -26. Let w be (28/p)/(-7) + 5/3. Is (-2086)/7*((-1)/w)/1 a prime number?
True
Let g(n) be the first derivative of 848*n**3/3 - 3*n**2/2 + 2*n + 15. Let m be g(1). Let t = 3778 - m. Is t prime?
False
Suppose -8*u + 3*u + 2*i = -5892, 0 = -3*i - 3. Let q = -962 - -1553. Let m = u - q. Is m prime?
True
Let u be ((-2)/4)/(((-12)/(-32))/(-3)). Let d be 3/(-2) + (-33)/6 + u. Is (2084/(-6))/(61/21 + d) a prime number?
False
Let o(f) = f**3 + 4*f**2 + 5*f + 1949. Let m = 135 + -135. Is o(m) composite?
False
Suppose 138*x = 117*x + 995001. Is x prime?
True
Suppose 0 = -5*o - i + 3 + 14, -2*i = -o - 1. Suppose 13 = o*m + 1. Suppose 10 = -5*u, m*u - 1627 = -2*l - 3*l. Is l composite?
True
Let c be (5/(-15))/(2/11670). Let z = -1018 - c. Suppose 4*n - 89 = z. Is n composite?
True
Suppose -520*r + 434*r = -7279556. Is r a composite number?
True
Let v be (976/64)/((-2)/(-1072)). Let u = -5467 + v. Is u composite?
False
Is ((-35)/(-14) + -2)/(8917746/(-1273964) - -7) composite?
True
Suppose -169*a + 35165721 = -8243450. Is a a prime number?
False
Let b(n) = 6149*n**2 - 14*n - 10. Is b(-5) a prime number?
False
Let y = 176 + -126. Let i = y + -62. Is (-24)/9*5283/i prime?
False
Suppose -243542 = -67*a + 50*a + 44387. Is a composite?
False
Let q be 60/35 + 1/((-21)/(-6)). Suppose -a - 4721 = -k, -3*k + 14163 = a - q*a. Is k composite?
False
Let u be ((-1)/2)/((-2)/4). Let k be u/(3/87 - 0). Suppose 27*b = k*b - 3126. Is b composite?
True
Let q be (-4)/(-6)*18/4. Suppose 0 = -2*k + 5*t + 52693, -q*k + 3*t + 105365 = k. Is k a prime number?
True
Let w be (2 + -1)/((-2)/(-77856))*-1. Is ((-3)/(-9))/((-4)/w*4) a prime number?
True
Suppose 65 = -8*z - 7. Is (-16402)/(-18) - (-2)/z a prime number?
True
Let j(k) = -k**3 + 6*k**2 - 8*k + 3. Let a be j(4). Suppose a*n - 898 = n. Is n composite?
False
Suppose -39*d + 44*d + 75 = 0. Is 5919 - d/((-90)/(-12)) prime?
False
Is (-3 - (-124)/44) + (-93973646)/(-286) prime?
True
Let a = 39 + -19. Is ((-13)/(390/a))/(2/(-10977)) a prime number?
True
Let r(j) = j**3 + 8*j**2 + 8*j + 7. Let t be r(-7). Suppose t = -11*x + 30274 - 6261. Is x prime?
False
Let b(q) = -q**3 - 4*q**2 - 9*q - 1. Let y be b(-4). Suppose -9 = 32*h - y*h. Suppose 0 = h*p - 1948 - 629. Is p composite?
False
Let r(i) be the second derivative of 91*i**4/4 + 3*i**3 + 34*i**2 + 15*i - 2. Is r(-7) a composite number?
True
Let j = -4198 - -6002. Let n be -1 - (158/(-1) + -2). Suppose n = -5*o + j. Is o composite?
True
Let v = 135611 + 166032. Is v a prime number?
True
Suppose 5*l - 87 = 583. Let q = 69 + l. Is q a composite number?
True
Let h(p) = -11*p - 48. Let g be h(-4). Is (-110142)/g + 25/(-10) composite?
True
Let d(z) = -277*z**3 - 8*z**2 - 60*z - 112. Is d(-13) prime?
False
Suppose 2*u + u + 120 = 3*y, -4*y + u + 169 = 0. Suppose 0 = -y*d + 40*d + 12873. Is d a composite number?
True
Let a = -14 + 11. Let u be (3/(-9) - 1/a)*-1. Let s = 55 + u. Is s a prime number?
False
Suppose -g + 0*g - 3628 = -5*g. Is g prime?
True
Suppose -k = -8*k - 10*k. Suppose 3*i - 3*a - 107021 = -a, 4*a + 16 = k. Is i a prime number?
True
Suppose -c = -2*t + 2, 9*c + 3 = 3*t + 5*c. Is (-27864)/(-20) - t*1/5 prime?
False
Let i(t) = -4*t + 128. Let x be i(31). Suppose x = -2*v, v - 5271 = -4*h + 2643. Is h a prime number?
True
Suppose 0 = -2*z + 4*t + 6100, -4*z = -4*t + 8*t - 12152. Let l be (6124/(-16))/(9/36). Let g = z + l. Is g prime?
True
Let k be 4 - (-25)/5 - 5. Suppose -k*z - 8439 = -3*i, 3*z = -3*i + 8*z + 8439. Is i a composite number?
True
Let h = -23254 + 49305. Is h a prime number?
False
Suppose 3141 = 3*u - 0*u. Suppose 0 = -4*o + 16, 5*w - o - 7896 = 290. Suppose 5*f = w + u. Is f composite?
True
Let t(q) = q. Let s(r) = 899*r + 8. Let a(p) = -s(p) - 6*t(p). Let x be a(4). Is ((-5)/(10/x))/((-2)/(-1)) composite?
False
Let f(q) = -965*q + 2. Let r(j) = j + 1. Let g(h) = f(h) - 2*r(h). Let o(m) = m**3 - 4*m**2 + 2*m + 3. Let v be o(2). Is g(v) composite?
False
Suppose 5 = 3*d - 13. Suppose 0 = -4*v + 2*f + 6008, 2*v - 5*f + 6036 = d*v. Let x = v - 437. Is x a prime number?
False
Let y = -114589 - -173302. Is y a composite number?
True
Let f = -4509 - -9056. Is f a composite number?
False
Let h(n) = -n**3 - 13*n**2 + 11*n + 6. Let y be h(-14). Suppose y*d - 42*d = 27330. Is d a prime number?
False
Suppose -5*m + m - 5*z = 303, z = 4*m + 285. Is (-1171 + -1)*306/m a prime number?
False
Let w(c) = -17*c - 2. Let s be w(-1). Suppose 149 = 4*a - 179. Let z = a + s. Is z a prime number?
True
Suppose -2*n + 5*h = -55752 - 238109, 0 = -2*n + 2*h + 293864. Is n composite?
False
Let p be 1/2*-241*-14. Let b = 2576 - p. Is b a prime number?
False
Let q = 1081434 + -579133. Is q a prime number?
True
Let n(v) = 8*v + 7. Let d be n(-1). Is d + 2628 - (-17 + 17) prime?
False
Let f = -3426 - -4967. Let n = 182 + f. Is n prime?
True
Let y(r) = 110*r**3 + 5*r**2 - r - 7. Suppose 0 = -3*b + 3, 3*w - 2*b = 7*w - 14. Let s be (w/(-5))/(-2*(-2)/(-20)). Is y(s) prime?
False
Let r(t) = -39*t**2 + 24*t - 52. Let q(h) = h**2 + h + 1. Let z(g) = 5*q(g) - r(g). Is z(8) composite?
True
Let j be (-12)/(-4)*(-18)/(-3). Let p be (-3)/7 + j/(-84)*-2. Suppose -3*r - 5*c + 397 = p, 155 = r + 2*c - 6*c. Is r prime?
True
Let p(t) = 4*t**2 - 2*t - 2. Let n be p(-1). Suppose 1906 = -n*s + s + 4*g, -5*g + 1280 = -2*s. Let b = s + 1227. Is b a prime number?
False
Suppose -3*b + 118395 = r, -r - 3*r - 12 = 0. Is 1/(2*-1 + 78946/b) a prime number?
True
Suppose 5*f = -3*s + 685024, -144*f = -140*f + 2*s - 548018. Is f composite?
True
Let u = 4243 + -2270. Suppose -5*x - 4*o + u = 0, -5*x + 561 = -3*o - 1433. Is x a prime number?
True
Suppose 680*c + 3*m = 683*c - 1613001, -5*m = 4*c - 2150596. Is c prime?
False
Let m(s) = -3*s**3 + s**2. Let b be m(2). Let c = -13 - b. Suppose c*f = 3*f + 852. Is f composite?
True
Let y(m) = 56*m**2 - 6*m + 9. Let i(r) = r**3 + 39*r**2 - 44*r - 165. Let f be i(-40). Is y(f) a prime number?
True
Let p be (12/8)/(9/6). Let l be p - (4 - 6 - -2). Let n(w) = 338*w**3 - w. Is n(l) composite?
False
Let i(h) = 32*h**2 - 16*h + 23. Suppose -4*w = -3*q + 36, -4*q + w - 5*w + 20 = 0. Is i(q) prime?
False
Suppose 2*a - 5*a + 4 = -5*l, 2*a + 3*l = 9. Suppose -h = d + 4*d - 11, 5*h - 5 = 0. Suppose d*m - a*v = m + 1113, v = m - 1105. Is m prime?
False
Let u = -261 + 264. Suppose u*l + l = -2*g + 15450, 5*l - 15449 = -2*g. Is g composite?
False
Let v = 156 + -149. Is (-24185)/v*(-3 - -2 - 0) prime?
False
Suppose -9*c = -4*c + 145. Let z = -31 - c. Is (z + 75/9)*69 composite?
True
Let a(y) = -4*y + 1. Let x be a(-9). Suppose 39*s - x*s = 14854. Is s composite?
True
Let u(q) = -q**2 + 7*q - 2. Let m be u(6). Suppose -f = c + f, 3*f = -m*c + 10. Suppose g - c*x - 150 + 17 = 0, 12 = 4*x. Is g composite?
True
Suppose 6 = -20*r + 23*r. Suppose 0*g = -2*g - r*d - 32, -4*d + 71 = -5*g. Let v = g - -80. Is v a composite number?
True
Suppose -4*w - 4 = 2*h, -4*h + 2*w = -3*h - 2. Suppose 2*t + r - 12243 = h, -4*r - 8133 + 2034 = -t. Is t composite?
True
Suppose 3*w = 247 + 80. Suppose 564 = -107*q + w*q. Let g = 95 + q. Is g prime?
False
Let q be -119659 + (-4 - -8)/(-1). Let h = q - -80624. Is (-6)/(-21) + h/(-49) a composite number?
False
Let m(u) = 3814*u + 427. Is m(6) a composite number?
False
Let x(g) = -2*g**2. Let f be x(1). Suppose -15*r - 52 = 158. Is (-848)/(-7) - f/r a prime number?
False
Suppose -255*d 